{"id":83,"date":"2026-05-16T07:12:25","date_gmt":"2026-05-16T07:12:25","guid":{"rendered":"https:\/\/nenmo.tokyo\/?post_type=product&#038;p=83"},"modified":"2026-05-16T07:17:16","modified_gmt":"2026-05-16T07:17:16","slug":"sao-mo","status":"publish","type":"product","link":"https:\/\/nenmo.tokyo\/?product=sao-mo","title":{"rendered":"N\u1ebfn \u00c1nh Sao V\u00e0ng"},"content":{"rendered":"<div class=\"\" data-turn-id-container=\"043086f1-0cb8-409d-b157-e8e5003f525a\" data-is-intersecting=\"true\">\n<div class=\"relative w-full overflow-visible\">\n<section class=\"text-token-text-primary w-full focus:outline-none has-data-writing-block:pointer-events-none [&amp;:has([data-writing-block])&gt;*]:pointer-events-auto R6Vx5W_threadScrollVars scroll-mb-[calc(var(--scroll-root-safe-area-inset-bottom,0px)+var(--thread-response-height))] scroll-mt-(--header-height)\" dir=\"auto\" data-turn-id=\"043086f1-0cb8-409d-b157-e8e5003f525a\" data-turn-id-container=\"043086f1-0cb8-409d-b157-e8e5003f525a\" data-testid=\"conversation-turn-25\" data-scroll-anchor=\"false\" data-turn=\"user\"><\/section>\n<div class=\"contents\"><\/div>\n<\/div>\n<\/div>\n<div class=\"\" data-turn-id-container=\"request-WEB:5f489c88-99d2-4200-a627-9ed4eaa39bbe-13\" data-is-intersecting=\"true\">\n<div class=\"relative w-full overflow-visible\">\n<section class=\"text-token-text-primary w-full focus:outline-none has-data-writing-block:pointer-events-none [&amp;:has([data-writing-block])&gt;*]:pointer-events-auto R6Vx5W_threadScrollVars scroll-mb-[calc(var(--scroll-root-safe-area-inset-bottom,0px)+var(--thread-response-height))] scroll-mt-[calc(var(--header-height)+min(200px,max(70px,20svh)))]\" dir=\"auto\" data-turn-id=\"request-WEB:5f489c88-99d2-4200-a627-9ed4eaa39bbe-13\" data-turn-id-container=\"request-WEB:5f489c88-99d2-4200-a627-9ed4eaa39bbe-13\" data-testid=\"conversation-turn-26\" data-scroll-anchor=\"false\" data-turn=\"assistant\">\n<div class=\"text-base my-auto mx-auto pb-10 [--thread-content-margin:var(--thread-content-margin-xs,calc(var(--spacing)*4))] @w-sm\/main:[--thread-content-margin:var(--thread-content-margin-sm,calc(var(--spacing)*6))] @w-lg\/main:[--thread-content-margin:var(--thread-content-margin-lg,calc(var(--spacing)*16))] px-(--thread-content-margin)\">\n<div class=\"[--thread-content-max-width:40rem] @w-lg\/main:[--thread-content-max-width:48rem] mx-auto max-w-(--thread-content-max-width) flex-1 group\/turn-messages focus-visible:outline-hidden relative flex w-full min-w-0 flex-col agent-turn\">\n<div class=\"flex max-w-full flex-col gap-4 grow\">\n<div class=\"min-h-8 text-message relative flex w-full flex-col items-end gap-2 text-start break-words whitespace-normal outline-none keyboard-focused:focus-ring [.text-message+&amp;]:mt-1\" dir=\"auto\" tabindex=\"0\" data-message-author-role=\"assistant\" data-message-id=\"0925a23f-f4f2-4c53-acff-3f60f2136048\" data-message-model-slug=\"gpt-5-5\" data-turn-start-message=\"true\">\n<div class=\"flex w-full flex-col gap-1 empty:hidden\">\n<div class=\"markdown prose dark:prose-invert wrap-break-word w-full light markdown-new-styling\">\n<p data-start=\"0\" data-end=\"372\"><strong data-start=\"0\" data-end=\"28\">N\u1ebfn th\u01a1m Starfish Candle<\/strong> s\u1edf h\u1eefu thi\u1ebft k\u1ebf h\u00ecnh sao bi\u1ec3n \u0111\u1ed9c \u0111\u00e1o, mang v\u1ebb \u0111\u1eb9p tinh t\u1ebf l\u1ea5y c\u1ea3m h\u1ee9ng t\u1eeb \u0111\u1ea1i d\u01b0\u01a1ng, gi\u00fap kh\u00f4ng gian c\u1ee7a b\u1ea1n tr\u1edf n\u00ean \u1ea5m \u00e1p v\u00e0 \u0111\u1ea7y cu\u1ed1n h\u00fat. V\u1edbi ki\u1ec3u d\u00e1ng th\u1ee7 c\u00f4ng t\u1ec9 m\u1ec9 c\u00f9ng \u00e1nh n\u1ebfn d\u1ecbu nh\u1eb9, s\u1ea3n ph\u1ea9m kh\u00f4ng ch\u1ec9 lan t\u1ecfa h\u01b0\u01a1ng th\u01a1m th\u01b0 gi\u00e3n m\u00e0 c\u00f2n l\u00e0 m\u00f3n \u0111\u1ed3 decor ngh\u1ec7 thu\u1eadt, t\u1ea1o \u0111i\u1ec3m nh\u1ea5n n\u1ed5i b\u1eadt cho b\u00e0n l\u00e0m vi\u1ec7c, ph\u00f2ng ng\u1ee7 hay g\u00f3c th\u01b0 gi\u00e3n.<\/p>\n<p data-start=\"374\" data-end=\"641\">\u0110\u01b0\u1ee3c l\u00e0m t\u1eeb <strong data-start=\"386\" data-end=\"410\">s\u00e1p t\u1ef1 nhi\u00ean cao c\u1ea5p<\/strong>, n\u1ebfn ch\u00e1y \u0111\u1ec1u, \u00edt kh\u00f3i v\u00e0 l\u01b0u h\u01b0\u01a1ng l\u00e2u, mang \u0111\u1ebfn c\u1ea3m gi\u00e1c d\u1ec5 ch\u1ecbu, gi\u00fap xua tan c\u0103ng th\u1eb3ng sau m\u1ed9t ng\u00e0y d\u00e0i. Thi\u1ebft k\u1ebf sao bi\u1ec3n thanh l\u1ecbch k\u1ebft h\u1ee3p \u00e1nh s\u00e1ng lung linh t\u1ea1o n\u00ean kh\u00f4ng gian l\u00e3ng m\u1ea1n, b\u00ecnh y\u00ean nh\u01b0 h\u01a1i th\u1edf c\u1ee7a bi\u1ec3n c\u1ea3.<\/p>\n<p data-start=\"643\" data-end=\"808\" data-is-last-node=\"\" data-is-only-node=\"\">\u0110\u00e2y l\u00e0 l\u1ef1a ch\u1ecdn ho\u00e0n h\u1ea3o d\u00e0nh cho nh\u1eefng ai y\u00eau th\u00edch phong c\u00e1ch bi\u1ec3n, s\u1ef1 nh\u1eb9 nh\u00e0ng v\u00e0 mong mu\u1ed1n mang m\u1ed9t ch\u00fat v\u1ebb \u0111\u1eb9p thi\u00ean nhi\u00ean v\u00e0o kh\u00f4ng gian s\u1ed1ng c\u1ee7a m\u00ecnh.<\/p>\n<\/div>\n<\/div>\n<\/div>\n<\/div>\n<\/div>\n<\/div>\n<\/section>\n<\/div>\n<\/div>\n","protected":false},"excerpt":{"rendered":"<p>N\u1ebfn th\u01a1m Starfish Candle s\u1edf h\u1eefu thi\u1ebft k\u1ebf h\u00ecnh sao bi\u1ec3n \u0111\u1ed9c \u0111\u00e1o, mang v\u1ebb \u0111\u1eb9p tinh t\u1ebf l\u1ea5y c\u1ea3m h\u1ee9ng t\u1eeb \u0111\u1ea1i d\u01b0\u01a1ng, gi\u00fap kh\u00f4ng gian c\u1ee7a b\u1ea1n tr\u1edf n\u00ean \u1ea5m \u00e1p v\u00e0 \u0111\u1ea7y cu\u1ed1n h\u00fat. V\u1edbi ki\u1ec3u d\u00e1ng th\u1ee7 c\u00f4ng t\u1ec9 m\u1ec9 c\u00f9ng \u00e1nh n\u1ebfn d\u1ecbu nh\u1eb9, s\u1ea3n ph\u1ea9m kh\u00f4ng ch\u1ec9 lan t\u1ecfa [&hellip;]<\/p>\n","protected":false},"featured_media":84,"comment_status":"open","ping_status":"closed","template":"","meta":[],"product_brand":[],"product_cat":[16],"product_tag":[],"class_list":{"0":"post-83","1":"product","2":"type-product","3":"status-publish","4":"has-post-thumbnail","6":"product_cat-chua-phan-loai","8":"first","9":"instock","10":"shipping-taxable","11":"purchasable","12":"product-type-simple"},"_links":{"self":[{"href":"https:\/\/nenmo.tokyo\/index.php?rest_route=\/wp\/v2\/product\/83","targetHints":{"allow":["GET"]}}],"collection":[{"href":"https:\/\/nenmo.tokyo\/index.php?rest_route=\/wp\/v2\/product"}],"about":[{"href":"https:\/\/nenmo.tokyo\/index.php?rest_route=\/wp\/v2\/types\/product"}],"replies":[{"embeddable":true,"href":"https:\/\/nenmo.tokyo\/index.php?rest_route=%2Fwp%2Fv2%2Fcomments&post=83"}],"wp:featuredmedia":[{"embeddable":true,"href":"https:\/\/nenmo.tokyo\/index.php?rest_route=\/wp\/v2\/media\/84"}],"wp:attachment":[{"href":"https:\/\/nenmo.tokyo\/index.php?rest_route=%2Fwp%2Fv2%2Fmedia&parent=83"}],"wp:term":[{"taxonomy":"product_brand","embeddable":true,"href":"https:\/\/nenmo.tokyo\/index.php?rest_route=%2Fwp%2Fv2%2Fproduct_brand&post=83"},{"taxonomy":"product_cat","embeddable":true,"href":"https:\/\/nenmo.tokyo\/index.php?rest_route=%2Fwp%2Fv2%2Fproduct_cat&post=83"},{"taxonomy":"product_tag","embeddable":true,"href":"https:\/\/nenmo.tokyo\/index.php?rest_route=%2Fwp%2Fv2%2Fproduct_tag&post=83"}],"curies":[{"name":"wp","href":"https:\/\/api.w.org\/{rel}","templated":true}]}}